{"id":941,"date":"2022-05-21T10:17:16","date_gmt":"2022-05-21T10:17:16","guid":{"rendered":"https:\/\/codexpeed.com\/dustrix\/?page_id=941"},"modified":"2022-12-17T09:57:14","modified_gmt":"2022-12-17T09:57:14","slug":"notre-organisation","status":"publish","type":"page","link":"https:\/\/mce.ma\/index.php\/notre-organisation\/","title":{"rendered":"Notre organisation"},"content":{"rendered":"\t\t<div data-elementor-type=\"wp-page\" data-elementor-id=\"941\" class=\"elementor elementor-941\">\n\t\t\t\t\t\t<section class=\"elementor-section elementor-top-section elementor-element elementor-element-e66c969 elementor-section-content-middle elementor-section-boxed elementor-section-height-default elementor-section-height-default\" data-id=\"e66c969\" data-element_type=\"section\" data-settings=\"{&quot;background_background&quot;:&quot;classic&quot;}\">\n\t\t\t\t\t\t<div class=\"elementor-container elementor-column-gap-default\">\n\t\t\t\t\t<div class=\"elementor-column elementor-col-100 elementor-top-column elementor-element elementor-element-e5e97cf\" data-id=\"e5e97cf\" data-element_type=\"column\">\n\t\t\t<div class=\"elementor-widget-wrap elementor-element-populated\">\n\t\t\t\t\t\t<div class=\"elementor-element elementor-element-e0e0f08 elementor-widget elementor-widget-modina_section_title\" data-id=\"e0e0f08\" data-element_type=\"widget\" data-widget_type=\"modina_section_title.default\">\n\t\t\t\t<div class=\"elementor-widget-container\">\n\t\t\t        <div class=\"section-title text-start\">\r\n        <span>Services<\/span>\r\n        <p><\/p>\r\n        <h2>NOTRE ORGANISATION\n<\/h2>\r\n    <\/div>\r\n    \r\n    \r\n        \t\t<\/div>\n\t\t\t\t<\/div>\n\t\t\t\t<div class=\"elementor-element elementor-element-2eae945 elementor-widget elementor-widget-heading\" data-id=\"2eae945\" data-element_type=\"widget\" data-widget_type=\"heading.default\">\n\t\t\t\t<div class=\"elementor-widget-container\">\n\t\t\t<h4 class=\"elementor-heading-title elementor-size-default\">Une soci\u00e9t\u00e9 100% Marocaine <br>\nCr\u00e9e en 2022, MCE Maroc a lancer les d\u00e9marches d\u2019accr\u00e9ditation en contr\u00f4le dimensionnel afin de r\u00e9pondre \u00e0 la demande croissantes de ses clients .\n<\/h4>\t\t<\/div>\n\t\t\t\t<\/div>\n\t\t\t\t<div class=\"elementor-element elementor-element-31024bf elementor-widget elementor-widget-heading\" data-id=\"31024bf\" data-element_type=\"widget\" data-widget_type=\"heading.default\">\n\t\t\t\t<div class=\"elementor-widget-container\">\n\t\t\t<p class=\"elementor-heading-title elementor-size-default\"><h4>Pr\u00e9sence sur l\u2019ensemble du territoire<\/h4>\n\nAvec sa strat\u00e9gie de proximit\u00e9 MCE dispose d\u2019un r\u00e9seau de proximit\u00e9 et une \u00e9quipe mobile qui lui permet d\u2019aller \u00e0 la rencontre des soci\u00e9t\u00e9s souhaitant contr\u00f4ler , d\u00e9velopper ou am\u00e9liorer leurs activit\u00e9s.\n\n<h4>Des salari\u00e9s engag\u00e9s<\/h4>\nL\u2019\u00e9quipe MCE ne cesse de s\u2019accro\u00eetre . C\u2019est aujourd\u2019hui plus de 5 personnes , qui assurent quotidiennement des prestations de qualit\u00e9 \n\n<h4>Des clients satisfaits<\/h4>\nNotre engagement : Se donner \u00e0 100% pour vous satisfaire. Cette ambition est profond\u00e9ment ancr\u00e9e dans nos g\u00e8nes et ceux de tous nos collaborateurs. Avec l\u2019\u00e9nergie d\u2019en faire plus tous les jours. Parce que nous ne serons satisfaits que si vous l\u2019\u00eates.\n\n<h4>Pr\u00e9sent dans tous les domaines<\/h4>\nMCE intervient dans tous les secteurs industriels :  automobile , a\u00e9ronautique et ferroviaire.<\/p>\t\t<\/div>\n\t\t\t\t<\/div>\n\t\t\t\t\t<\/div>\n\t\t<\/div>\n\t\t\t\t\t<\/div>\n\t\t<\/section>\n\t\t\t\t<\/div>\n\t\t","protected":false},"excerpt":{"rendered":"<p>Services NOTRE ORGANISATION Une soci\u00e9t\u00e9 100% Marocaine Cr\u00e9e en 2022, MCE Maroc a lancer les d\u00e9marches d\u2019accr\u00e9ditation en contr\u00f4le dimensionnel afin de r\u00e9pondre \u00e0 la demande croissantes de ses clients . Pr\u00e9sence sur l\u2019ensemble du territoire Avec sa strat\u00e9gie de proximit\u00e9 MCE dispose d\u2019un r\u00e9seau de proximit\u00e9 et une \u00e9quipe mobile qui lui permet d\u2019aller [&hellip;]<\/p>\n","protected":false},"author":1,"featured_media":0,"parent":0,"menu_order":0,"comment_status":"closed","ping_status":"closed","template":"elementor_header_footer","meta":{"footnotes":""},"class_list":["post-941","page","type-page","status-publish","hentry"],"acf":[],"_links":{"self":[{"href":"https:\/\/mce.ma\/index.php\/wp-json\/wp\/v2\/pages\/941","targetHints":{"allow":["GET"]}}],"collection":[{"href":"https:\/\/mce.ma\/index.php\/wp-json\/wp\/v2\/pages"}],"about":[{"href":"https:\/\/mce.ma\/index.php\/wp-json\/wp\/v2\/types\/page"}],"author":[{"embeddable":true,"href":"https:\/\/mce.ma\/index.php\/wp-json\/wp\/v2\/users\/1"}],"replies":[{"embeddable":true,"href":"https:\/\/mce.ma\/index.php\/wp-json\/wp\/v2\/comments?post=941"}],"version-history":[{"count":16,"href":"https:\/\/mce.ma\/index.php\/wp-json\/wp\/v2\/pages\/941\/revisions"}],"predecessor-version":[{"id":2443,"href":"https:\/\/mce.ma\/index.php\/wp-json\/wp\/v2\/pages\/941\/revisions\/2443"}],"wp:attachment":[{"href":"https:\/\/mce.ma\/index.php\/wp-json\/wp\/v2\/media?parent=941"}],"curies":[{"name":"wp","href":"https:\/\/api.w.org\/{rel}","templated":true}]}}